s divided by a?
5
Suppose 4*w = -5*o + 7*w + 150, o = -4*w + 30. What is the remainder when (-8)/(-6)*87/2 is divided by o?
28
Let z(w) = -w**3 - w - 1. Let m be z(-1). Suppose -3*n - 3*b + 6 = -b, -4*b = 4*n - 8. Suppose n*h - m = 1. Calculate the remainder when 1 is divided by h.
0
Suppose 0 = 5*g - 3*i - 14 - 15, 4*g = 5*i + 31. What is the remainder when 10 is divided by g?
2
Let x = 957 - 149. Calculate the remainder when x is divided by 30.
28
Let t be 10/6 + (-4)/(-84)*7. Suppose t = h, -4*n + 0*h = -h - 422. What is the remainder when n is divided by 12?
10
Let q = 919 - 518. Calculate the remainder when q is divided by 26.
11
What is the remainder when (72 - -438)*(-2)/(-4) is divided by 30?
15
Let h = 41 + -42. What is the remainder when (1 - h)/((-18)/(-1161)) is divided by 33?
30
Let x(v) = -v**2 + 17*v + 1. Let a be x(8). Suppose -3*h - z + 0*z = -41, 5*z = -4*h + a. What is the remainder when (-102)/(-4)*16/12 is divided by h?
10
Suppose -f + 200 = 61. What is the remainder when f is divided by 16?
11
Suppose -15*i + 14*i = -w - 8, 76 = 5*i + 4*w. What is the remainder when 204 is divided by i?
0
Suppose -4*m + y - 88 = -269, 5*m - 4*y = 218. What is the remainder when m is divided by 21?
4
Suppose -4*b = 3*h - 57, h - 2*b = -3*h + 98. Calculate the remainder when 160 is divided by h.
22
Let z = -19 - -29. Let d be (-6)/12 + 15/2. Suppose d*x - 190 = 2*x. What is the remainder when x is divided by z?
8
Let o = -37 + 45. Let w(l) = -5*l - 1. What is the remainder when w(-7) is divided by o - ((-3)/3 - 0)?
7
Let w(n) = n**2 + 8*n + 23. Let g(i) = -i**2 + 8*i - 1. What is the remainder when g(5) is divided by w(-3)?
6
Suppose -g = f - 10, 0 = 4*g - 4*f - 4 - 28. What is the remainder when (6/g)/((-4)/(-330)) is divided by 8?
7
Let i be (4/(-6))/((-5)/(-225)). Let m be i/(-45) + 22/(-6). What is the remainder when 47 is divided by (-2)/(-2) + (6 - m)?
7
Let u = 284 - 245. Let a(l) = -l**2 + 7*l. Calculate the remainder when u is divided by a(5).
9
Let q = -56 + 235. Suppose -q = -6*g - 41. What is the remainder when 67 is divided by g?
21
Let h(r) = -5*r**3 - 3*r**2 + 2*r + 7. Let l(i) = -4*i**3 - 2*i**2 - 2. What is the remainder when l(-3) is divided by h(-2)?
26
Let s(w) = 103*w + 1. Let d = 698 + -677. Calculate the remainder when s(1) is divided by d.
20
What is the remainder when 259 is divided by ((-609)/(98/(-14)))/(2 - 1)?
85
Let k(v) = -v**2. Let w(b) = b**3 - 6*b**2 + 3. Let q(p) = -4*k(p) + w(p). Let x = -17 - -36. Calculate the remainder when q(4) is divided by x.
16
Let k(r) = -r + 135. Let a be k(0). Let q = a + -18. What is the remainder when q is divided by 17?
15
Calculate the remainder when 21/(-3) + 378/2 is divided by 17.
12
Suppose -8*n + 3*n + 25 = 0. Suppose -18 = -2*h + 2*d, 2*h - d + 15 = n*h. Suppose -h*j + 3*j + 18 = 0. What is the remainder when 23 is divided by j?
5
Let o be 130/6 - 3/(-9). Suppose 5*r + o - 72 = 0. Suppose -4*q + 33 = -123. Calculate the remainder when q is divided by r.
9
Calculate the remainder when 15 + 12 - 1/1 is divided by 16.
10
Calculate the remainder when -3 - -2 - 237*(-7)/21 is divided by 40.
38
Let a = 54 - 25. Let f = 34 - a. Suppose 0*r - f*t = 5*r - 40, -r + 8 = 2*t. Calculate the remainder when 63 is divided by r.
7
Suppose 4*b + 4*x = -0*b + 36, -5*b + 47 = 4*x. Suppose -13 = -8*t + b. Calculate the remainder when (5/(-2))/(2/(-4)) is divided by t.
2
Calculate the remainder when 155 is divided by (1 + (-4)/12)/(16/936).
38
Let s be (-18)/45 - (-12)/5. Let r be (s/(-6))/(6/(-108)). Suppose -68 = 2*h - r*h. What is the remainder when h is divided by 10?
7
What is the remainder when 4/14 - 245190/(-462) is divided by 13?
11
Let l(f) = 18*f + 366. What is the remainder when 113 is divided by l(-19)?
17
Let d be (-13)/(-13) + (-53)/1. Let r = d + 98. Calculate the remainder when r is divided by 12.
10
Suppose -3*h + 43 = 2*h + 3*y, 0 = 5*h - 4*y - 71. Let d = h - 2. Suppose -2*f = 3*u - 66, -5 + 59 = 2*u - 2*f. What is the remainder when u is divided by d?
6
Suppose -247 = 35*q - 48*q. What is the remainder when 91 is divided by q?
15
Calculate the remainder when 1*(3 + -4 + -4)*-51 is divided by 29.
23
Let v = 105 + -84. What is the remainder when 37 is divided by v?
16
Suppose 3*x = -2*x + 3*d + 23, -2*x + 10 = -2*d. Suppose x*u - 27 = 17. Let v = 4 + u. What is the remainder when 74 is divided by v?
14
Let h(s) = 4*s - 28. Calculate the remainder when 77 is divided by h(10).
5
Let v be (-6)/(-24) + 126/8. Suppose 15*w - v = 11*w. Suppose -14*x = -13*x - w. What is the remainder when 5 is divided by x?
1
Suppose 3*j = -190 - 14. Calculate the remainder when -4 - (-2 + j - -4) is divided by 13.
10
What is the remainder when 5/(-5) - -4 - (3 - 154) is divided by 34?
18
Let b = -20 - -23. Suppose 2*r - 3 - b = 0. Calculate the remainder when 11 is divided by r.
2
Let h be 3*(1 - (-1)/3). Suppose -4*d - 2*l + 20 = 0, -5*l + h = 4*d - 10. Calculate the remainder when d is divided by 3.
0
What is the remainder when (-6)/9 + 1/(9/492) is divided by 3?
0
Let x = -31 + 31. Let h(d) = 2*d + 16. What is the remainder when 61 is divided by h(x)?
13
Let g = -2654 + 2672. What is the remainder when 573 is divided by g?
15
Let g(p) = 8*p + 26. Let h(b) = b**3 - 16*b**2 + 14*b + 21. Calculate the remainder when h(15) is divided by g(-3).
0
Suppose 0 = -4*p - 1 - 3. Calculate the remainder when p/((-64)/(-65) - 1) is divided by 22.
21
Suppose -s = 3*s - 152. Calculate the remainder when s is divided by (-30)/(-8)*576/216.
8
Let n be (2/(-3))/(8/(-12)). Let o(y) = 135*y. What is the remainder when o(n) is divided by 35?
30
Let b be 3*(-2 + 10/(-15)). What is the remainder when 368/b*2/(-4) is divided by 14?
9
Calculate the remainder when 6 + -12 - -461 - -13 is divided by 161.
146
Let x be 8/(-4) + 0 + 154. Suppose -5*r + x = -103. Suppose -9 = -3*s + 2*s + 3*a, a = -s + 21. What is the remainder when r is divided by s?
15
Suppose v = 3*v - 4. Suppose 0 = -v*b - 4*p + 20, 0 = b + p - 1 - 8. Let y(h) = -h**2 - 6*h - 5. Calculate the remainder when b is divided by y(-4).
2
Let l = -29 + 50. Let r(i) = -6*i**2 + i**3 + 8*i - 24 - 30 + 45. Calculate the remainder when l is divided by r(5).
3
What is the remainder when (-1)/((8/13)/(-8)) is divided by 10?
3
Suppose 42*z - 26*z = 928. What is the remainder when 106 is divided by z?
48
Suppose 5*h - 2*f - 25 = 10, -5*h + 15 = 2*f. Suppose 2*p - h*b = 6*p - 380, 4*p - b = 356. What is the remainder when p is divided by 23?
21
Let s be (-10)/25 + (-22)/(-5). Suppose -98 - s = -17*n. Calculate the remainder when 23 is divided by n.
5
Suppose 0 = 2*t + t + 18. Let g(h) = -h**3 - 7*h**2 - 7*h + 11. What is the remainder when 30 is divided by g(t)?
13
Suppose -700*f + 1188 = -694*f. Calculate the remainder when f is divided by 36.
18
Suppose -5*t + 1 = -3*q, -3*q - 5 = -t - 0*t. Let i = 22 + t. Let u(k) = -38*k + 1. What is the remainder when u(-1) is divided by i?
18
Suppose 10*s - 20 = 100. Calculate the remainder when 19 is divided by s.
7
Suppose 0 = 21*p - 1986 - 3705. Suppose 0 = 3*y - 2*i - 100, 0 = 4*y - 5*i - 103 - 28. What is the remainder when p is divided by y?
33
Suppose -275*q + 276*q - 23 = 0. What is the remainder when 85 is divided by q?
16
Let d(n) = -n**2 + 71*n - 345. What is the remainder when 210 is divided by d(65)?
30
Let i(q) = -5*q + 8. Let x(k) = -k. Let g(d) = -i(d) + 4*x(d). Let p be g(7). Let r = p - -7. Calculate the remainder when 21 is divided by r.
3
Suppose 2*v = -2*h + 12, 0 = 4*h - 3*v - 19 + 2. Suppose -u + 312 = h*u. Calculate the remainder when u is divided by 11.
8
Let p = -485 + 633. What is the remainder when p is divided by 19?
15
Let w(y) = y**3 - 4*y**2 + 9*y - 43. Calculate the remainder when w(5) is divided by 17.
10
Suppose 2*r - 57 = 5*x, -r - 29 - 14 = 4*x. Let p = x - -44. Suppose 4*j = 525 - 1. What is the remainder when j is divided by p?
32
Let c be ((-104)/(-20) - 4)/((-6)/20). Calculate the remainder when 3 is divided by (-46)/(-14) - (c/(-7))/2.
0
Let c be (-2)/2 - (-28)/7. Suppose 8 = y + c*y. Suppose 2*x - 3*a = -0*a + 10, 0 = -y*x - 4*a - 4. Calculate the remainder when 6 is divided by x.
0
Suppose 2*u = 6*u + 5*c + 49, 0 = 3*u + 2*c + 28. Calculate the remainder when 27 is divided by (-4